{"id":263,"date":"2016-07-30T02:49:04","date_gmt":"2016-07-30T02:49:04","guid":{"rendered":"http:\/\/demowp.cththemes.net\/springbook\/home-image-copy\/"},"modified":"2023-02-28T08:35:13","modified_gmt":"2023-02-28T08:35:13","slug":"about-me","status":"publish","type":"page","link":"https:\/\/horizon-vietnam.com\/index.php\/about-me\/","title":{"rendered":"V\u1ec1 ch\u00fang t\u00f4i"},"content":{"rendered":"<p>[vc_row][vc_column][vc_single_image image=&#8221;1080&#8243; img_size=&#8221;full&#8221; css=&#8221;.vc_custom_1675994707578{margin-top: 15px !important;margin-bottom: 15px !important;}&#8221;][vc_column_text]<span style=\"font-weight: 400;\"><strong>HORIZON VIETNAM TRAVEL<\/strong> l\u00e0 m\u1ed9t doanh nghi\u1ec7p l\u1eef h\u00e0nh chuy\u00ean t\u1ed5 ch\u1ee9c c\u00e1c chuy\u1ebfn \u0111i du l\u1ecbch cho c\u00e1c du kh\u00e1ch n\u01b0\u1edbc ngo\u00e0i, ch\u1ee7 y\u1ebfu \u0111\u1ebfn t\u1eeb c\u00e1c n\u01b0\u1edbc: Ph\u00e1p, \u00dd, T\u00e2y Ban Nha, B\u1ed3 \u0110\u00e0o Nha v\u00e0 \u0110\u1ee9c, l\u00e0 c\u1ea7u n\u1ed1i gi\u00fap du kh\u00e1ch c\u00f3 nh\u1eefng tr\u1ea3i nghi\u1ec7m \u0111\u1ed9c \u0111\u00e1o v\u1ec1 l\u1ecbch s\u1eed, v\u0103n h\u00f3a v\u00e0 con ng\u01b0\u1eddi t\u1ea1i c\u00e1c n\u01b0\u1edbc \u0110\u00f4ng D\u01b0\u01a1ng (Vi\u1ec7t Nam, L\u00e0o, Campuchia). B\u00ean c\u1ea1nh \u0111\u00f3, HORIZON VIETNAM TRAVEL c\u00f2n l\u00e0 m\u1ed9t doanh nghi\u1ec7p v\u1edbi h\u00e0ng tr\u0103m c\u00e1c ho\u1ea1t \u0111\u1ed9ng thi\u1ec7n nguy\u1ec7n, \u0111\u00e0o t\u1ea1o v\u00e0 h\u1ee3p t\u00e1c v\u1edbi c\u00e1c tr\u01b0\u1eddng \u0110\u1ea1i h\u1ecdc ngo\u1ea1i ng\u1eef \u1edf Vi\u1ec7t Nam.<\/span><\/p>\n<p><b>TRI\u1ebeT L\u00dd HO\u1ea0T \u0110\u1ed8NG:\u00a0<\/b><\/p>\n<p><span style=\"font-weight: 400;\">Ho\u1ea1t \u0111\u1ed9ng d\u1ef1a tr\u00ean c\u00e1c tri\u1ebft l\u00fd c\u1ee7a Ph\u1eadt Gi\u00e1o, HORIZON VIETNAM TRAVEL\u00a0 lu\u00f4n \u0111\u1ea9y m\u1ea1nh nh\u1eefng ho\u1ea1t \u0111\u1ed9ng thi\u1ebft th\u1ef1c v\u00e0 nh\u00e2n v\u0103n.<\/span><\/p>\n<p><span style=\"font-weight: 400;\">\u0110\u1ea1o Ph\u1eadt n\u00f3i r\u1eb1ng v\u0169 tr\u1ee5 n\u00e0y v\u1eadn h\u00e0nh theo quy lu\u1eadt nh\u00e2n qu\u1ea3: Gieo nh\u00e2n l\u00e0nh th\u00ec h\u00e1i qu\u1ea3 ng\u1ecdt v\u00e0 ng\u01b0\u1ee3c l\u1ea1i. N\u1ebfu b\u1ea1n c\u1ee7a ki\u1ebfp s\u1ed1ng n\u00e0y c\u00f3 cu\u1ed9c s\u1ed1ng sung t\u00fac, h\u01b0\u1edfng th\u1ee5 du l\u1ecbch \u0111\u00f3 \u0111\u00e2y, th\u00ec ch\u00ednh l\u00e0 do ki\u1ebfp tr\u01b0\u1edbc b\u1ea1n \u0111\u00e3 l\u00e0m t\u1eeb thi\u1ec7n nhi\u1ec1u. Th\u1ef1c t\u1ebf, ph\u1ea7n l\u1edbn l\u1ee3i nhu\u1eadn c\u1ee7a HORIZON VIETNAM TRAVEL s\u1ebd \u0111\u01b0\u1ee3c \u0111\u00f3ng g\u00f3p v\u00e0o c\u00e1c ho\u1ea1t \u0111\u1ed9ng t\u1eeb thi\u1ec7n. Khi kh\u00e1ch h\u00e0ng ch\u1ecdn l\u1ef1a ch\u00fang t\u00f4i, h\u1ecd c\u0169ng s\u1ebd l\u00e0 nh\u00e0 t\u1eeb thi\u1ec7n cho m\u1ed9t t\u01b0\u01a1ng lai gi\u00e0u c\u00f3 h\u01a1n.<\/span><\/p>\n<p><b>HO\u1ea0T \u0110\u1ed8NG THI\u1ec6N NGUY\u1ec6N:\u00a0<\/b><\/p>\n<p><span style=\"font-weight: 400;\">Trong su\u1ed1t nh\u1eefng n\u0103m qua, \u0111\u1ec3 v\u1eefng b\u01b0\u1edbc tr\u00ean h\u00e0nh tr\u00ecnh \u0111em l\u1ea1i s\u1ef1 \u1ea5m no, h\u1ea1nh ph\u00fac cho ng\u01b0\u1eddi d\u00e2n Vi\u1ec7t Nam, HORIZON VIETNAM TRAVEL \u0111\u00e3 \u0111\u1ed3ng h\u00e0nh v\u00e0 k\u1ebft h\u1ee3p v\u1edbi c\u00e1c t\u1ed5 ch\u1ee9c t\u1eeb thi\u1ec7n nh\u01b0: T\u00ecnh ng\u01b0\u1eddi, Hoa Sen, Stive Bui, Nh\u1ecbp C\u1ea7u H\u1ea1nh Ph\u00fac, T\u1eeb T\u00e2m. Ch\u00fang t\u00f4i \u0111\u00e3 x\u00e2y h\u00e0ng tr\u0103m ng\u00f4i nh\u00e0 cho ng\u01b0\u1eddi ngh\u00e8o, tr\u01b0\u1eddng h\u1ecdc v\u00e0 c\u1ea7u b\u00ea t\u00f4ng b\u1eafc qua s\u00f4ng cho ng\u01b0\u1eddi d\u00e2n v\u00e0 tr\u1ebb em \u1edf c\u00e1c v\u00f9ng s\u00e2u, v\u00f9ng xa, v\u00f9ng n\u00fai c\u00f3 \u0111i\u1ec1u ki\u1ec7n kh\u00f3 kh\u0103n. Ngo\u00e0i ra, ch\u00fang t\u00f4i c\u0169ng tham gia c\u00e1c ho\u1ea1t \u0111\u1ed9ng t\u1eeb thi\u1ec7n x\u00e3 h\u1ed9i kh\u00e1c nh\u01b0:\u00a0\u00a0<\/span><\/p>\n<ul>\n<li style=\"font-weight: 400;\" aria-level=\"1\"><span style=\"font-weight: 400;\">Quy\u00ean g\u00f3p \u1ee7ng h\u1ed9 \u0111\u1ed3ng b\u00e0o b\u1ecb \u1ea3nh h\u01b0\u1edfng b\u00e3o l\u0169<\/span><\/li>\n<li style=\"font-weight: 400;\" aria-level=\"1\"><span style=\"font-weight: 400;\">T\u1eb7ng qu\u1ea7n \u00e1o b\u1ea3o h\u1ed9, kh\u1ea9u trang ph\u00f2ng ch\u1ed1ng Covid 19 cho l\u00e3nh \u0111\u1ea1o, b\u00e1c s\u0129, b\u1ec7nh vi\u1ec7n, B\u1ed9 C\u00f4ng an<\/span><\/li>\n<li style=\"font-weight: 400;\" aria-level=\"1\"><span style=\"font-weight: 400;\">Quy\u00ean g\u00f3p th\u1ef1c ph\u1ea9m cho ng\u01b0\u1eddi d\u00e2n b\u1ecb m\u1eafc k\u1eb9t do Covid 19<\/span><\/li>\n<li style=\"font-weight: 400;\" aria-level=\"1\"><span style=\"font-weight: 400;\">M\u1edf trung t\u00e2m kh\u00e1m ch\u1eefa b\u1ec7nh mi\u1ec5n ph\u00ed cho ng\u01b0\u1eddi ngh\u00e8o<\/span><\/li>\n<li style=\"font-weight: 400;\" aria-level=\"1\"><span style=\"font-weight: 400;\">T\u1eb7ng qu\u00e0, qu\u1ea7n \u00e1o, ch\u0103n \u1ea5m, d\u1ee5ng c\u1ee5 h\u1ecdc t\u1eadp cho \u0111\u1ed3ng b\u00e0o d\u00e2n t\u1ed9c mi\u1ec1n n\u00fai.<\/span><\/li>\n<li style=\"font-weight: 400;\" aria-level=\"1\"><span style=\"font-weight: 400;\">H\u1ed7 tr\u1ee3 tr\u1ea1i tr\u1ebb m\u1ed3 c\u00f4i<\/span><\/li>\n<li style=\"font-weight: 400;\" aria-level=\"1\"><span style=\"font-weight: 400;\">T\u1ed5 ch\u1ee9c bi\u1ec3u di\u1ec5n ca nh\u1ea1c t\u1ea1i c\u00e1c nh\u00e0 h\u00e1t l\u1edbn \u1edf H\u00e0 N\u1ed9i \u0111\u1ec3 g\u00e2y qu\u1ef9 cho c\u00e1c ho\u1ea1t \u0111\u1ed9ng nh\u00e2n \u0111\u1ea1o.<\/span><\/li>\n<li style=\"font-weight: 400;\" aria-level=\"1\"><span style=\"font-weight: 400;\">Tham gia c\u00e1c ho\u1ea1t \u0111\u1ed9ng tr\u1ed3ng r\u1eebng, nh\u1eb7t r\u00e1c t\u1ea1i c\u00e1c c\u00f4ng vi\u00ean th\u1ee7 \u0111\u00f4<\/span><\/li>\n<li style=\"font-weight: 400;\" aria-level=\"1\"><span style=\"font-weight: 400;\">Khuy\u1ebfn kh\u00edch m\u1ecdi ng\u01b0\u1eddi s\u1eed d\u1ee5ng xe \u0111\u1ea1p t\u1ea1i n\u01a1i l\u00e0m vi\u1ec7c \u0111\u1ec3 ch\u1ed1ng \u00f4 nhi\u1ec5m.<\/span><\/li>\n<\/ul>\n<p><span style=\"font-weight: 400;\">Chuy\u1ebfn xe h\u00e0nh tr\u00ecnh thi\u1ec7n nguy\u1ec7n c\u1ee7a ch\u00fang t\u00f4i \u0111ang v\u00e0 s\u1ebd ti\u1ebfp t\u1ee5c \u201cl\u0103n b\u00e1nh\u201d t\u1edbi m\u1ecdi v\u00f9ng mi\u1ec1n c\u1ee7a Vi\u1ec7t Nam \u0111\u1ec3 gi\u00fap \u0111\u1ee1 nh\u1eefng ng\u01b0\u1eddi c\u00f3 ho\u00e0n c\u1ea3nh kh\u00f3 kh\u0103n c\u00f3 m\u1ed9t cu\u1ed9c s\u1ed1ng t\u1ed1t \u0111\u1eb9p h\u01a1n; lan t\u1ecfa nh\u1eefng \u0111i\u1ec1u t\u00edch c\u1ef1c, gi\u00e1 tr\u1ecb nh\u00e2n v\u0103n t\u1edbi c\u1ed9ng \u0111\u1ed3ng \u0111\u1ec3 g\u00f3p ph\u1ea7n x\u00e2y d\u1ef1ng \u0111\u1ea5t n\u01b0\u1edbc gi\u00e0u \u0111\u1eb9p, x\u00e3 h\u1ed9i v\u0103n minh v\u00e0 \u0111\u1eddi s\u1ed1ng nh\u00e2n d\u00e2n \u1ea5m no, h\u1ea1nh ph\u00fac. V\u00ec ch\u00fang t\u00f4i tin r\u1eb1ng : \u201cY\u00eau th\u01b0\u01a1ng cho \u0111i l\u00e0 y\u00eau th\u01b0\u01a1ng c\u00f2n m\u00e3i\u201d.\u00a0\u00a0\u00a0<\/span><\/p>\n<p><b>\u0110\u00c0O T\u1ea0O:<\/b><\/p>\n<p><span style=\"font-weight: 400;\">HORIZON VIETNAM TRAVEL \u0111\u1ea9y m\u1ea1nh h\u1ee3p t\u00e1c v\u1edbi c\u00e1c tr\u01b0\u1eddng \u0111\u1ea1i h\u1ecdc \u0111\u00e0o t\u1ea1o ngo\u1ea1i ng\u1eef \u0111\u1ec3 t\u1ea1o \u0111i\u1ec1u ki\u1ec7n cho sinh vi\u00ean c\u00f3 ni\u1ec1m \u0111am m\u00ea v\u1edbi du l\u1ecbch c\u00f3 c\u01a1 h\u1ed9i t\u1edbi c\u00f4ng ty th\u1ef1c t\u1eadp. Th\u1eadm ch\u00ed sau khi k\u1ebft th\u00fac th\u1eddi gian th\u1ef1c t\u1eadp, nhi\u1ec1u b\u1ea1n sinh vi\u00ean \u0111\u00e3 tr\u1edf th\u00e0nh nh\u00e2n vi\u00ean ch\u00ednh th\u1ee9c c\u1ee7a c\u00f4ng ty.\u00a0<\/span><\/p>\n<p><span style=\"font-weight: 400;\">Ngo\u00e0i ra, c\u00e1c l\u00e3nh \u0111\u1ea1o c\u1ee7a c\u00f4ng ty c\u0169ng tham gia m\u1ed9t s\u1ed1 bu\u1ed5i gi\u1ea3ng d\u1ea1y, ch\u1ea5m thi v\u1ec1 du l\u1ecbch cho sinh vi\u00ean c\u1ee7a c\u00e1c tr\u01b0\u1eddng v\u1edbi t\u01b0 c\u00e1ch l\u00e0 doanh nghi\u1ec7p trong c\u00e1c b\u1ed9 m\u00f4n : Qu\u1ea3n tr\u1ecb doanh nghi\u1ec7p l\u1eef h\u00e0nh, Marketing. B\u00ean c\u1ea1nh \u0111\u00f3, c\u00f4ng ty c\u00f2n ch\u00fa tr\u1ecdng \u0111\u00e0o t\u1ea1o h\u01b0\u1edbng d\u1eabn vi\u00ean du l\u1ecbch v\u00e0 t\u1ed5 ch\u1ee9c c\u00e1c chuy\u1ebfn \u0111i h\u1ecdc th\u1ef1c t\u1ebf \u1edf c\u00e1c \u0111\u1ecba \u0111i\u1ec3m du l\u1ecbch \u1edf Vi\u1ec7t Nam (H\u00e0 N\u1ed9i, Ninh B\u00ecnh, Qu\u1ea3ng Ninh,&#8230;) cho c\u00e1c b\u1ea1n tr\u1ebb. Th\u00f4ng qua c\u00e1c bu\u1ed5i gi\u1ea3ng d\u1ea1y, ch\u00fang t\u00f4i mong mu\u1ed1n sinh vi\u00ean Vi\u1ec7t Nam s\u1ebd hi\u1ec3u r\u00f5 h\u01a1n v\u1ec1 c\u01a1 h\u1ed9i vi\u1ec7c l\u00e0m trong ng\u00e0nh du l\u1ecbch hi\u1ec7n nay.\u00a0 HORIZON VIETNAM TRAVEL c\u00f2n ch\u00fa tr\u1ecdng vi\u1ec7c \u0111\u00e0o t\u1ea1o mi\u1ec5n ph\u00ed m\u1ed9t s\u1ed1 ngo\u1ea1i ng\u1eef (ti\u1ebfng \u00dd, ti\u1ebfng T\u00e2y Ban Nha,&#8230;) cho c\u00e1c h\u01b0\u1edbng d\u1eabn vi\u00ean ti\u1ebfng Ph\u00e1p \u1edf mi\u1ec1n Trung \u0111\u1ec3 gi\u00fap h\u1ecd c\u00f3 nhi\u1ec1u c\u01a1 h\u1ed9i vi\u1ec7c l\u00e0m h\u01a1n v\u00e0 t\u0103ng th\u00eam thu nh\u1eadp.\u00a0\u00a0<\/span><\/p>\n<p><b>HO\u1ea0T \u0110\u1ed8NG N\u1ed8I B\u1ed8 C\u00d4NG TY<\/b><\/p>\n<p><span style=\"font-weight: 400;\">Kh\u00f4ng ch\u1ec9 ch\u00fa tr\u1ecdng \u0111\u1ebfn m\u1ed1i quan h\u1ec7 h\u1ee3p t\u00e1c ph\u00e1t tri\u1ec3n v\u1edbi c\u00e1c \u0111\u1ed1i t\u00e1c, HORIZON VIETNAM TRAVEL c\u00f2n \u0111\u1eb7c bi\u1ec7t quan t\u00e2m \u0111\u1ebfn \u0111\u1ed9i ng\u0169 nh\u00e2n vi\u00ean \u1edf m\u1ecdi v\u1ecb tr\u00ed &#8211; nh\u1eefng ng\u01b0\u1eddi lu\u00f4n c\u1ed1ng hi\u1ebfn, tr\u1ef1c ti\u1ebfp mang l\u1ea1i doanh thu v\u00e0 l\u1ee3i nhu\u1eadn cho c\u00f4ng ty. H\u00e0ng n\u0103m, ch\u00fang t\u00f4i th\u01b0\u1eddng t\u1ed5 ch\u1ee9c c\u00e1c ho\u1ea1t \u0111\u1ed9ng n\u00e2ng cao tinh th\u1ea7n \u0111o\u00e0n k\u1ebft, tri \u00e2n nh\u00e2n vi\u00ean nh\u01b0: th\u00e0nh l\u1eadp c\u00f4ng \u0111o\u00e0n, t\u1ed5 ch\u1ee9c sinh nh\u1eadt cho nh\u00e2n vi\u00ean h\u00e0ng th\u00e1ng, c\u00f9ng nhau l\u00e0m m\u1ee9t t\u1ebft, n\u1ea5u b\u00e1nh ch\u01b0ng \u0111\u1ec3 t\u1eb7ng cho ng\u01b0\u1eddi d\u00e2n v\u00f9ng cao hay t\u1ed5 ch\u1ee9c c\u00e1c ho\u1ea1t \u0111\u1ed9ng th\u1ec3 thao (\u0111\u1ea1p xe d\u00e3 ngo\u1ea1i), ti\u1ec7c t\u1ea5t ni\u00ean cu\u1ed1i n\u0103m v\u00e0 c\u00e1c d\u1ecbp l\u1ec5 t\u1ebft kh\u00e1c.\u00a0<\/span><\/p>\n<p><span style=\"font-weight: 400;\">HORIZON VIETNAM TRAVEL h\u1ee9a h\u1eb9n s\u1ebd lu\u00f4n l\u00e0 ng\u01b0\u1eddi b\u1ea1n \u0111\u1ed3ng h\u00e0nh v\u1edbi c\u00e1c \u0111\u1ed1i t\u00e1c, mang s\u1ee9 m\u1ec7nh c\u1ee7a m\u00ecnh g\u00f3p ph\u1ea7n x\u00e2y d\u1ef1ng m\u1ed9t x\u00e3 h\u1ed9i v\u0103n m\u00ecnh, m\u1ed9t \u0111\u1ea5t n\u01b0\u1edbc Vi\u1ec7t Nam ng\u00e0y c\u00e0ng gi\u00e0u \u0111\u1eb9p, v\u00e0 ng\u00e0y c\u00e0ng ph\u00e1t tri\u1ec3n trong m\u1eaft b\u1ea1n b\u00e8 qu\u1ed1c t\u1ebf.\u00a0\u00a0<\/span>[\/vc_column_text][\/vc_column][\/vc_row]<\/p>\n","protected":false},"excerpt":{"rendered":"<p>[vc_row][vc_column][vc_single_image image=&#8221;1080&#8243; img_size=&#8221;full&#8221; css=&#8221;.vc_custom_1675994707578{margin-top: 15px !important;margin-bottom: 15px !important;}&#8221;][vc_column_text]HORIZON VIETNAM TRAVEL l\u00e0 m\u1ed9t doanh nghi\u1ec7p l\u1eef h\u00e0nh chuy\u00ean t\u1ed5 ch\u1ee9c c\u00e1c chuy\u1ebfn \u0111i du l\u1ecbch cho c\u00e1c du kh\u00e1ch n\u01b0\u1edbc ngo\u00e0i, ch\u1ee7 y\u1ebfu \u0111\u1ebfn t\u1eeb c\u00e1c n\u01b0\u1edbc: Ph\u00e1p, \u00dd, T\u00e2y Ban Nha, B\u1ed3 \u0110\u00e0o Nha v\u00e0 \u0110\u1ee9c, l\u00e0 c\u1ea7u n\u1ed1i gi\u00fap du kh\u00e1ch c\u00f3 nh\u1eefng tr\u1ea3i [&hellip;]<\/p>\n","protected":false},"author":1,"featured_media":0,"parent":0,"menu_order":0,"comment_status":"closed","ping_status":"closed","template":"","meta":{"_mi_skip_tracking":false},"_links":{"self":[{"href":"https:\/\/horizon-vietnam.com\/index.php\/wp-json\/wp\/v2\/pages\/263"}],"collection":[{"href":"https:\/\/horizon-vietnam.com\/index.php\/wp-json\/wp\/v2\/pages"}],"about":[{"href":"https:\/\/horizon-vietnam.com\/index.php\/wp-json\/wp\/v2\/types\/page"}],"author":[{"embeddable":true,"href":"https:\/\/horizon-vietnam.com\/index.php\/wp-json\/wp\/v2\/users\/1"}],"replies":[{"embeddable":true,"href":"https:\/\/horizon-vietnam.com\/index.php\/wp-json\/wp\/v2\/comments?post=263"}],"version-history":[{"count":4,"href":"https:\/\/horizon-vietnam.com\/index.php\/wp-json\/wp\/v2\/pages\/263\/revisions"}],"predecessor-version":[{"id":1144,"href":"https:\/\/horizon-vietnam.com\/index.php\/wp-json\/wp\/v2\/pages\/263\/revisions\/1144"}],"wp:attachment":[{"href":"https:\/\/horizon-vietnam.com\/index.php\/wp-json\/wp\/v2\/media?parent=263"}],"curies":[{"name":"wp","href":"https:\/\/api.w.org\/{rel}","templated":true}]}}